hat is the units digit of l?
7
Let n(i) = 2*i + 3. Let t(q) = -1 - 2*q + q**2 + 2 + 2. Let y be t(2). What is the units digit of n(y)?
9
Let z = 3 - 0. Suppose 16 = v + z*v. What is the units digit of v?
4
Let g(h) = -h**3 - 3*h**2 + 3*h - 1. Let u be g(-4). Suppose 0 = 3*a + 15, 0 = u*y - 4*a - a - 70. What is the tens digit of y?
1
Let r = 7 - 2. Suppose -v + r = 4*t, -2*v = -4*t - 0*v + 14. Suppose -2*a + t + 18 = 0. What is the units digit of a?
0
Let z(g) = g**2 + g + 10. What is the units digit of z(-4)?
2
Suppose 4*s + 2*n + 0*n = 646, 0 = 3*s - 5*n - 478. What is the hundreds digit of s?
1
Suppose -3*u = u + 5*n - 18, 0 = 5*u + 4*n - 18. Let p = 4 - u. Suppose -j = 3*j - p*q - 34, 2*q - 6 = 0. What is the units digit of j?
0
Suppose 1027 - 166 = 7*l. What is the tens digit of l?
2
Suppose -3*k - k = 3*h - 40, -k - 12 = -2*h. Let q = 25 + -30. Let i = q + h. What is the units digit of i?
3
Let w = 13 + -17. Suppose 5*m = -5*l - 10, 0 = -4*m - 0*m - l + 7. Let d = m - w. What is the units digit of d?
7
Suppose 2*k + 10 = 0, 0 = -f - f - 5*k + 17. Let n = -14 + f. What is the units digit of n?
7
Suppose 4*p = -67 - 53. Let x = p + 56. What is the units digit of x?
6
Let f(n) = -n**3 + 8*n**2 + 2*n. Let q(u) = u + 1. Let v be q(7). What is the tens digit of f(v)?
1
Let q(m) = -2 + m + 5 + 5*m + 3 + m**2. What is the units digit of q(-6)?
6
Suppose q + 0 = -2, -4*q = 4*v. What is the units digit of (1/(-2))/((-1)/v)?
1
Let b be 3/(1/(2/6)). Let g(w) = 2*w**2 + 5*w + 2. Let s be g(-3). What is the units digit of 2 + b/1 + s?
8
Let k be 12/(-16)*4*1. What is the units digit of (k/(-3))/((-2)/(-4))?
2
Let l = 0 - -6. Let r be (-32)/(-6)*9/l. What is the units digit of 1/(-3) + r/6?
1
Let k(n) = 17 - 4*n**2 - 18 + 15*n**2. Let t(l) = l**3 - 3*l**2 + 3*l - 1. Let i be t(2). What is the tens digit of k(i)?
1
Let d(o) = -2 + o + 2 + o - 3. What is the units digit of d(4)?
5
Let z be 34/4*2*-2. Let h = -7 - -57. Let b = h + z. What is the tens digit of b?
1
Suppose 45 = -4*j + 7*j. What is the units digit of j?
5
Let w(g) = 3*g**2 + 5*g - 9. What is the tens digit of w(4)?
5
Suppose 3*b - 3*j = -69, 4*b + 160 = -b - 4*j. What is the tens digit of 2/(-7) - 1380/b?
4
Let y(d) = -9 + 24 + 8*d + 0*d + d**2. What is the tens digit of y(-10)?
3
Let b(t) = t**3 + 7*t**2 - 9*t - 1. Let n be 12*2/(-12)*-3. Let a = n + -14. What is the units digit of b(a)?
7
Let v be (-6)/(6/2) + 0. Let d be 2*((-1)/v - 1). Let k = d + 5. What is the units digit of k?
4
Let i = 5 - -1. Let x be (-16)/7 + (-12)/(-42). Let p = x + i. What is the units digit of p?
4
Let w(j) = -5*j + 1. Let u be w(-1). Suppose 4*o + 68 = u*o. What is the tens digit of o?
3
Suppose 2*n = -u + 2*u - 33, -2*u + 81 = -5*n. Let m = -11 - n. What is the units digit of m?
4
Suppose 3*n - 183 = -2*u, -2*n - 282 = -3*u - 4*n. What is the units digit of u?
6
Let o(s) = s**2. Let b be o(2). Suppose 4*i = -g - g + 4, -2*g + b*i = -28. What is the units digit of g?
8
Let h be 13/3 + 4/(-12). Suppose -4*b + h*j + 30 = -10, -5*j + 25 = 0. What is the units digit of -1*b*(-1)/3?
5
Let t(p) = p**2 + p - 1. Let r(m) = -5*m**2 - 11*m - 2. Let z(d) = -r(d) - 4*t(d). What is the units digit of z(-7)?
6
Let r = -3 - -5. Suppose -h = r*h. Suppose h = -4*n + g + 7, -4*g + 11 = -6*n + 3*n. What is the units digit of n?
3
What is the hundreds digit of 1 + (-347)/3*-3?
3
Suppose -5*i + 1128 = 7*i. What is the units digit of i?
4
Let h = 90 + -57. What is the tens digit of h?
3
Let w(f) = 16*f + 4. Let c(p) = 16*p + 5. Let r(z) = 3*c(z) - 4*w(z). Let b be r(-1). Suppose 3*x = 3*j + b, -2*x + 12 = -0*x - j. What is the units digit of x?
7
Let j(f) = 2*f**2 + 4*f + 2. Let w be j(-2). Suppose -i = 5*o + 1, w*i + 2*i - 71 = 5*o. What is the units digit of i?
4
Suppose -2*t = -5*t - 3*z - 27, -11 = 4*t - z. What is the tens digit of 29 + t*2/4?
2
What is the units digit of (-2 + 65)/(6/4)?
2
Suppose z = -2*z - 3*n + 120, -140 = -4*z + n. Suppose -3*r + z = d - 5, 0 = -5*d - 2*r + 205. What is the units digit of d?
1
What is the tens digit of 7*(0 + 4 + 1)?
3
Let n(r) = -7*r**3 + 3*r**2 - r + 1. Let p(w) = -w**3 + w**2. Let z(g) = -n(g) + 2*p(g). What is the units digit of z(1)?
4
Let u = -44 - -30. Let s = 0 - u. What is the units digit of s?
4
Let s(v) = -9*v. Let k = -1 - 1. Let a be s(k). Suppose -p + 2*t = p - a, 2 = -t. What is the units digit of p?
7
Let h be (-2)/(1/(-2) + 0). Suppose 4*w - 12 = h. What is the units digit of (1 - w)/(9/(-12))?
4
Suppose -5*f + 35 + 5 = 0. Let l(h) = -6*h**2 + 7*h + 6. Let u(n) = -5*n**2 + 7*n + 7. Let p(m) = -4*l(m) + 5*u(m). What is the units digit of p(f)?
3
Suppose 0 = -2*f + 3*k + k + 280, -5*k = -5*f + 720. What is the units digit of f?
8
Suppose -5*d = 2*h - 218, -4*d + 5*d - 42 = -2*h. Suppose -2*y = p - d, -3*y + 2*p = y - 104. What is the units digit of y?
4
Let i(j) = -j**3 + 14*j**2 + 18*j - 15. What is the tens digit of i(15)?
3
Suppose -3*n = -43 - 95. What is the units digit of n?
6
Let r = -2 - -2. Suppose 3*b - 1 - 110 = r. What is the units digit of b?
7
Let f(v) = v**2 - 6*v + 4. Let d be f(6). Suppose -66 = -d*i - 10. What is the tens digit of i?
1
Suppose -3*j = u + 29, -2 = -5*u + 3. Let k = 17 + j. What is the units digit of k?
7
What is the tens digit of (-2)/(-16) + (-15483)/(-104)?
4
Let o(b) = 4*b - 4. What is the tens digit of o(7)?
2
Suppose 2*b + 5*c = 29, 6*b - 2*b - 3*c = -7. Suppose 2*w + 5*q = 1, -w - 4*q - 2 = b. What is the units digit of w?
8
Suppose l - 12 = -3*l - 3*j, 3*l - 4 = -j. Suppose -2*s - 2 + 52 = l. What is the tens digit of s?
2
Let t be ((-1)/(-3))/((-2)/(-30)). Suppose 0*h + 3*i = -t*h + 75, 2*i = 4*h - 60. What is the units digit of h?
5
Let f be 34/(-6)*(10 + -13). Suppose -36 = 5*j - j - 2*z, -3*z + 14 = -2*j. Let g = f + j. What is the units digit of g?
7
Suppose 3*s - 8 = -s. Let y be s + 1 + 8 + -1. Suppose -31 + y = -3*c. What is the units digit of c?
7
What is the tens digit of 4 - 4/((-12)/33)?
1
Let q(a) = -2*a - 2. Let r be q(-5). Let i = -3 + r. Suppose -3 + i = 2*h. What is the units digit of h?
1
Let d be (-4)/6*3/(-1). Suppose -4*z = 3*f - 23, -5*f + 10*f - 2*z = -5. What is the units digit of 10 + (0/f - d)?
8
Suppose -112 = -w - w. Suppose -2*u - 4*t + 78 = 0, -2*t = 4*u - w - 106. What is the tens digit of u?
4
Let a = 2 - -20. Let n = a - 3. What is the tens digit of n?
1
Let j be 2/4*(0 - 6). Let a(s) = 4*s + 3*s**3 + 0*s**3 - 2*s**3 + 5*s**2 + 0*s**3 - 1. What is the units digit of a(j)?
5
Suppose 7*h + 183 = 1. Let c = 34 + h. What is the units digit of c?
8
Suppose -2*w + 4*w = -2*a + 266, 271 = 2*a + w. What is the hundreds digit of a?
1
Let j(u) = -14*u - 2. What is the units digit of j(-3)?
0
Suppose -3*c + p - 27 = -7*c, c - 12 = -2*p. Let j(w) = -w**2 + 6*w + 6. Let f be j(c). Let g = f - 3. What is the units digit of g?
3
Let c(z) = 3*z. Let b be (-2*1)/(4 + -5). What is the units digit of c(b)?
6
Let l(s) = s**3 + 6*s**2 - 16*s - 6. What is the units digit of l(-7)?
7
Let y = 0 + -1. Let k be (y + 1 - -9) + 2. Suppose -5*w + k = n - 9, -15 = 3*n. What is the units digit of w?
5
Let p = -1 + 3. Suppose -16 - 8 = -p*q + 5*k, -3*q = 3*k - 36. What is the tens digit of q?
1
Let p be (-1)/(2 - (-28)/(-12)). Suppose -p*o + 23 + 28 = 0. What is the tens digit of o?
1
Suppose 6*h = 2*h + 8. Let w(c) = -h + 2*c + 2 + 13*c**2 + 1 - 2. What is the units digit of w(1)?
4
What is the tens digit of 3/((-18)/(-74))*6?
7
Let b(g) = 10*g**2 - 4*g + 7. Let r be b(-7). What is the tens digit of ((-1)/3)/((-7)/r)?
2
Let s be 3/6 - 2/(-4). Suppose 2*k - s - 30 = -d, -69 = -4*k + 5*d. What is the tens digit of k?
1
Let f(w) = -15*w - 16. What is the units digit of f(-7)?
9
Suppose 0 = 2*l - 9 - 15. Suppose -2*q = q - 87. Let a = q - l. What is the units digit of a?
7
Suppose 3*d = d + 12. What is the units digit of d?
6
Suppose 0 = y + 5, 4*i + 2*y = 6*y + 236. What is the units digit of i?
4
Suppose 9*d - 189 = 8*d. What is the tens digit of d?
8
Let v be 4/(-2) + 0 - 13. Let k(t) = t**2 + 4*t - 1. Let p be k(-3). Let z = p - v. What is the units digit of z?
1
Let j(t) = -2*t**2 + 6*t - 4. Let h be j(4). What is the tens digit of (34/6)/((-2)/h)?
3
Suppose s + 0*s = 1. Suppose 0 = -v + c - s, -2*c = -4 - 4. Suppose -11 = -